 highest common factor of s and 9?
9
Suppose 4*v - 5*v = -d - 10, v - 5 = -4*d. Calculate the greatest common factor of v and 72.
9
Suppose 0 = 4*u - 15 - 1. Suppose -d + 3 = i + u*i, i = 5*d - 15. Suppose -4*l + 102 = -6. What is the greatest common factor of d and l?
3
Let o = -360 + 514. What is the greatest common divisor of o and 14?
14
Let q = 71 + -59. Calculate the greatest common divisor of q and 36.
12
Let u = -12 + 17. Let k = -15 - -25. What is the greatest common divisor of k and u?
5
Let r = -20 - -22. Let f be -2 - (-2)/((-2)/(-3)). Calculate the highest common factor of r and f.
1
Suppose -v - 4*j = 4*v - 732, 5*v - 726 = -2*j. Calculate the greatest common factor of v and 16.
16
Let m be (-9)/21 - (-72)/21. Suppose 0 = m*h - 86 + 2. What is the highest common factor of h and 7?
7
Suppose z = -4*v + 13, v + 2*z + 22 = 5*v. Suppose 0 = v*a - 14 - 2. What is the greatest common divisor of 6 and a?
2
Suppose 455 = 5*i - 1300. What is the highest common factor of 39 and i?
39
Let z(b) = 11*b - 1. Let m be z(1). Let q be (-8 + -2)/(2 + 12/(-4)). What is the highest common factor of q and m?
10
Let t be 6/(-21) + 4420/35. Suppose t = 7*s + 7. What is the greatest common factor of 119 and s?
17
Let d = -20 + 26. What is the highest common divisor of 18 and d?
6
Let h be (1 - 2/(-2)) + 14. Let j be 12/10*50/15. What is the greatest common factor of j and h?
4
Let t(s) = -255*s + 4. Let y be t(-1). What is the highest common factor of y and 37?
37
Suppose -48 = -4*b - 0*b. Suppose 0 = -4*s + b + 24. Let j(q) = 8*q**2 - 4*q + 3. Let c be j(2). Calculate the highest common factor of s and c.
9
Let a(d) = -d**3 + d + 70. Let r be a(0). Suppose 33 = g + 5*w - 4*w, 3*g - 104 = -4*w. What is the highest common divisor of r and g?
14
Let u(y) = 141*y**2 - 1. Let r be u(-1). What is the highest common factor of r and 20?
20
Let i(j) = -2*j**3 - 3*j - j**2 - 2*j**2 + 5 + 3*j**3 - j**2. Let a be i(5). What is the greatest common divisor of a and 165?
15
Suppose -6*n = -3*n - 84. Let a(u) = u**2 - 8*u - 9. Let l be a(7). Let s = l + n. What is the greatest common divisor of s and 48?
12
Let t = 3 + 4. Let u(p) = p**3 + 5*p**2 + 4*p + 3. Let s be u(-4). Suppose 19 + 44 = s*j. What is the greatest common factor of t and j?
7
Suppose -4*b + 178 = 2*p, -4*b - b + 4*p + 242 = 0. What is the highest common factor of 322 and b?
46
Let j(u) = 30*u - 5. Let i be j(6). Calculate the greatest common divisor of 25 and i.
25
Let c = -49 - -124. What is the greatest common divisor of 15 and c?
15
Let g = -9 + 41. What is the greatest common factor of g and 4?
4
Let c be (-4 + 3)*0/1. Suppose 46 = -c*r + 2*r. Calculate the greatest common factor of 138 and r.
23
Let g(m) = 2*m**2 + 2*m**2 - 1 + m**2. Let s be g(-1). Suppose 3*c - 4*w = 84, -4*w = s*c - 82 - 58. Calculate the highest common factor of c and 16.
16
Suppose 4*l = -2 + 30. What is the greatest common factor of 14 and l?
7
Suppose -b + 12 = -0. Let p(g) = 4*g**2 + 2*g. Let y be p(4). Calculate the highest common divisor of y and b.
12
Suppose 2*z - 5*z + 700 = 5*q, 475 = 2*z - 5*q. Calculate the greatest common factor of 94 and z.
47
Suppose 4*l + 0*l - 72 = 0. Let q = l - 6. What is the highest common divisor of 96 and q?
12
Let h(i) = i**2 - 5*i - 30. Let a be h(-7). Calculate the highest common divisor of 18 and a.
18
Let l(i) = i**2 + 3. Let a be l(0). Let n = -61 - -85. Suppose -a*y = -48 - n. Calculate the highest common factor of 3 and y.
3
Suppose 0 = -t - 2, 2*g - 4*t = 3*g - 12. Suppose -3*b + 4 + 2 = 0. Suppose 0 = -b*n + 3*n - g. Calculate the highest common factor of 4 and n.
4
Let n = 337 + -280. Suppose -3*t - 4*q + 110 = 0, -2*q = -t - 4*q + 36. What is the greatest common divisor of t and n?
19
Suppose 79 = 7*o - 110. Calculate the highest common factor of o and 18.
9
Let l = 19 + -14. Calculate the highest common divisor of l and 1.
1
Let l be 304/22 - (-10)/55. Let v be 220/14 + 4/l. Suppose -2*q + 336 = q. What is the highest common factor of v and q?
16
Suppose 5*s - 604 = -w - 101, 4*s - 2*w = 394. Let x(y) = y**3 - 5*y**2 + 3*y + 5. Let o be x(5). What is the greatest common factor of o and s?
20
Let z = 21 - -11. Let u be (-18)/(9/(-24)*1). What is the highest common divisor of z and u?
16
Suppose 6*q + 16 = 2*q, -284 = -5*f - 4*q. What is the highest common divisor of 36 and f?
12
Suppose 3 = -u + 6. Calculate the greatest common factor of 3 and u.
3
Let u(w) = w - 5. Let l be u(6). Let i be 11/(3 - 1 - l). Suppose 4 - i = -q. What is the greatest common factor of 77 and q?
7
Let z(d) = 2*d**2 - 12*d - 5. Let b(i) = 5*i**2 - 36*i - 16. Let f(h) = 3*b(h) - 8*z(h). Let m be f(-8). Calculate the highest common factor of 12 and m.
12
Let d(v) = 5*v - 21. Let o be d(5). What is the greatest common factor of 10 and o?
2
Let j be (-3)/6*(-2)/1. What is the greatest common divisor of j and 3?
1
Suppose 154 = -6*q + 664. Let c be 5*3 - (-5 - -3). Calculate the greatest common divisor of c and q.
17
Suppose 4*l + p + p - 16 = 0, -5*p = -5*l + 20. Suppose 1 = -r, 2*q + l*r = 5*q - 19. Suppose -1 - 1 = -2*c. What is the highest common divisor of q and c?
1
Suppose -3*u = -p + 4, -3*p - 8 = -5*p + 2*u. Calculate the greatest common factor of 1 and p.
1
Let f = -1 - -1. Suppose -2*h - 2 = f, 3*p + p + 2*h = 26. Calculate the greatest common divisor of p and 35.
7
Let r(v) = v**3 + 9*v**2 + 6*v - 1. Let q be r(-7). Let s = -19 + q. What is the greatest common divisor of s and 90?
18
Suppose 0 - 7 = -u. What is the highest common divisor of u and 1?
1
Suppose 0 = -2*d + 3*d + k - 6, 2*d - 3*k + 3 = 0. Suppose 0 = -d*s + 30 + 75. Let w be 32/6 - (-4)/(-12). What is the greatest common factor of w and s?
5
Let v = 59 + -33. Let f be (-21)/(-3) + -2 - 1. Suppose -3*c - 75 = -2*p, 8*p - f*p + c = 157. Calculate the greatest common divisor of v and p.
13
Let y be (-232)/(-12) - 2/(-3). Calculate the greatest common divisor of 50 and y.
10
Suppose -4 = -2*z, -5*g - 3*z + 12 = -4. Calculate the greatest common divisor of g and 5.
1
Suppose -2*o = -6 - 10. Let q(k) = 4*k + 12. Let z be q(11). Calculate the greatest common factor of o and z.
8
Let i = 804 - 1234. Let d = -286 - i. What is the highest common factor of 16 and d?
16
Suppose -4*i + 75 = -205. What is the greatest common divisor of i and 28?
14
Suppose v + 8 = 2*v - b, 4*v - 5*b - 35 = 0. Suppose -4*y = v*l - 580, y = -y - 10. Calculate the greatest common divisor of l and 12.
12
Suppose 4*j + 6 = 30. Let r(z) = -z**3 + 5*z**2 + 7*z + 8. Let k be r(j). Calculate the greatest common divisor of 14 and k.
14
Let b(q) = 5*q**3 + q**2 - q. Let u be b(1). What is the greatest common factor of u and 1?
1
Suppose 347 = 4*w - 3*f, 5*f - 4 + 267 = 3*w. Suppose -j = 11 - w. Calculate the highest common factor of j and 30.
15
Let k(s) be the first derivative of -2*s**3/3 + 3*s**2/2 - 3*s - 1. Let x be k(2). Let f be -2*2*x*1. Calculate the highest common divisor of f and 50.
10
Suppose -2*a = -4*a + 520. Suppose -4*z - z + a = 0. Let h(v) = 12*v**3 + v**2 - v + 1. Let k be h(1). What is the highest common factor of z and k?
13
Let o(d) = d**2 - d. Let h be o(5). Let m be 29/3 - (-10)/30. What is the highest common divisor of m and h?
10
Let x = -28 + 20. Let q = 11 + x. Calculate the highest common factor of q and 1.
1
Let f be (-4)/18 - (-2)/9. Let u be f - -13 - (-10)/(-5). Calculate the highest common factor of 99 and u.
11
Let k be -28*1/5*-5. Let l = -32 - -36. What is the highest common divisor of k and l?
4
Let g be ((-27)/(-3))/(3/3). Suppose 0 = 4*n - 140 - 184. What is the highest common factor of n and g?
9
Let r(m) = -m**2 - 13*m + 4. Let j be r(-12). What is the greatest common factor of j and 4?
4
Let r(z) = z - 5. Let t be r(7). Let d be (4/t)/(2/(-4)). Let b = 10 - d. Calculate the highest common divisor of 126 and b.
14
Let r be (-2)/(-13) - (-7270)/65. Suppose -3*k = -7 - 2. Suppose -5*m = -4*a + 36, 4*a - 2*m - 60 = -k*m. Calculate the greatest common factor of r and a.
14
Suppose 5*v = -4*r + 149, -r + 2*r - 2*v = 34. What is the greatest common factor of r and 288?
36
Let t = 25 - 12. Suppose -b - 4*b + 254 = -3*o, -112 = -2*b - 4*o. Calculate the greatest common factor of t and b.
13
Suppose -w = -6*w + 5*f - 15, 16 = -2*w +